- (9 - (7 + (8 + -2 - 8)))?
-9
What is 2 + (-3 - -9) + -23 + 2 - 0?
-13
Evaluate -8 - (-4 - (6 - -7)).
9
What is (2 - (-12 + 29)) + 18?
3
What is the value of 7 + 1 + -6 + 12 - 5?
9
What is 0 + -18 - (111 - 129)?
0
What is the value of 10 + (2 - (8 + -1) - 11)?
-6
What is (24 - (12 + 31)) + 4?
-15
Calculate (-1 - 6) + (24 - 8) + -11.
-2
What is (19 - 6) + -6 + (-3 - 21)?
-17
What is -8 + 21 + -38 + 31?
6
What is 22 + ((9 - 17) + -2 - (5 - 12))?
19
Calculate 0 + 4 + 0 - ((9 - 2) + -14).
11
Evaluate (1 - -13) + 10 + -1 + -13.
10
-15 + 37 + (3 - (7 + -4 + 2))
20
Calculate -6 + 17 + (-4 + 11 - 5 - 9).
4
40 + -4 - (44 + -24)
16
Calculate -35 + 30 + -19 + 29.
5
Evaluate (2 - 6 - -7) + 0 + 3 + -5.
1
What is the value of (-10 - 3 - -10) + (3 + -3 - 4)?
-7
(0 - ((4 - (7 + -6)) + -11)) + -4
4
What is -5 + (-39 - -6) - -15?
-23
What is the value of 10 + -18 - (-4 - -7 - 16)?
5
(-13 + -1 - -1) + (-23 - (-18 + -1))
-17
7 + (15 - 5 - 9)
8
(0 - -11) + (6 - 1) + (49 - 55)
10
What is -12 + 33 + (-16 - 11)?
-6
What is the value of (7 - (-3 + 10 + -4) - 12) + 7?
-1
Calculate 12 + 9 + -25 + 15.
11
What is -8 + 9 + (9 - (-2 - -3 - -1))?
8
What is (-1 + -1 - -7) + 248 + -250?
3
Calculate (10 - (44 - 46 - (1 + -7))) + 2.
8
What is -65 - -120 - 61 - (9 + -1)?
-14
Calculate -30 - -21 - (5 - (35 + 1)).
22
Evaluate -23 + 8 + (16 - 1).
0
Evaluate -16 - (5 - (13 - 4)).
-12
-33 + (38 - -12) - (-7 - 1)
25
Evaluate (-5 + (10 - 3 - 5) - 0) + 0.
-3
What is the value of (12 - -22) + -59 - -23?
-2
Evaluate -4 - (-26 + 30 + -6 + 0).
-2
Calculate 2 - (2 + 0) - (-6 - (3 + -1)).
8
Evaluate 0 - (0 + (-13 - 4)).
17
Calculate 2 + 8 + (7 - (9 - -7)).
1
What is the value of (-13 + 3 - -6) + -2 + 5?
-1
(-4 - (-1 - 1)) + 271 + -263
6
Evaluate (12 - 28) + 14 + -4 + 0 + -1.
-7
What is 102 + -103 + (-1 - -11) + -4 + -15?
-10
What is the value of 3 + -21 + -28 + 37 + (1 - -3)?
-5
Calculate 0 - (-20 + 15 + -7 + (-4 - 0)).
16
Evaluate -18 + 18 - (5 + -6).
1
Evaluate 16 + (-1 + 2 - 11) - (10 + 0).
-4
What is the value of (221 - 241) + -1 + 5?
-16
-11 - (10 - (-13 - -11)) - 7
-30
Calculate 18 - (16 - (-8 - -22)).
16
Evaluate 5 - 1 - (45 - (-37 - -69)).
-9
Evaluate 33 + (16 - 14) - 11.
24
What is the value of -6 - (-7 - (-3 + 5 + 4 + 9))?
16
Calculate 5 - (-53 + 42) - 34.
-18
(3 - 15 - -4 - 3) + 12
1
Calculate 9 + -9 - (-4 + 13) - -2.
-7
What is (-1 - -2) + -5 + 1 + -404 + 405?
-2
What is the value of 0 + -12 + (42 - 36)?
-6
What is -1 - 2 - (-14 + -48 + 12 + 14)?
33
Calculate -1 + -14 + -105 + 133.
13
Calculate 11 - (2 - (-1 - -4)).
12
-2 + 1 + -17 + 15 + -4
-7
Calculate -8 - (-3 + (-18 + 21 - (-1 + 37))).
28
What is -6 - (4 - (8 + 4)) - (-6 + 1)?
7
Calculate -12 + 14 + (-9 - -6 - 9).
-10
What is the value of -24 + 3 + -60 + 65?
-16
What is 1 + (7 - (2 - 10 - -9))?
7
Calculate (1 - -7 - (75 + -55) - -7) + 4.
-1
Calculate -11 + 1 + -6 + 18 + -6.
-4
What is the value of -11 - (8 - 15 - -12)?
-16
What is the value of (-8 - -8 - -1) + 7 + 3?
11
What is the value of (0 - (-17 - -11 - 6)) + 0?
12
-23 + 14 + 10 - (1 + -3)
3
What is the value of (-19 - (-54 + 26)) + -28?
-19
What is -17 + (-17 - (-43 + 11))?
-2
What is the value of 4 - 20 - -28 - (20 - 2)?
-6
What is the value of (-3 + -12 + 19 - (10 - 0)) + 13?
7
What is -87 - -76 - (-1 - 18) - 16?
-8
5 - ((1 - -12) + (20 - 25))
-3
Evaluate 77 + -111 + (1 - -28).
-5
What is the value of (17 - 19 - 15) + (-1 - (-7 - -2))?
-13
Evaluate -486 + 475 - (-8 - -1).
-4
Calculate 160 - 152 - (4 - (1 + -1 - 3)).
1
What is 11 - (26 + -7 + -9 + -10)?
11
(16 - (16 + -4)) + -35 + 4
-27
-9 - (-5 + -3 + (-5 - -9))
-5
What is the value of 6 + 0 + 15 + (-7 - -4)?
18
Calculate -16 + 8 - -5 - (2 + (-9 - 5)).
9
Evaluate (-2 - -23) + -14 + -1 + -2 + 3.
7
What is the value of -44 - -37 - (-12 + -5)?
10
Calculate -56 - (-24 + 1 + -9).
-24
Evaluate 3 + (0 - (0 - 7)).
10
Evaluate (22 - 8) + -13 - 7.
-6
Calculate 1 - (7 - -1 - (-18 - -20) - 7).
2
Calculate (1 - 11) + -58 + 67 - 2.
-3
Evaluate -1 + -1 + (14 - 9) + -11.
-8
(3 - (-1 + -7 - -10)) + -4
-3
What is the value of 7 + -19 + 17 + -4 + -2 + -14?
-15
(6 - 13) + 3 + 7
3
-8 + -7 + 20 - 1
4
Evaluate -2 + -4 - ((-56 - -30) + 22).
-2
What is the value of -28 + (33 - (15 + 29))?
-39
-1 + -2 + 3 - (45 - 40 - 23)
18
What is (0 - (-2 + 0)) + (24 - 2) + -18?
6
What is the value of -5 + (-5 + 12 + -5 - -11)?
8
(-145 - -183) + (3 - 19)
22
Calculate 3 - (3 - 29) - (-135 - -145).
19
Evaluate 19 + -22 + -12 + 9.
-6
Calculate 8 - (-6 + 0 + 2 + -57 + 68).
1
Calculate 19 + -24 + 1 + (-7 - -1).
-10
What is -21 + (25 - (12 + -12))?
4
(-9 - (2 - 4)) + (-6 + 19 - -12)
18
What is 13 - (3 - -1 - (-1 - 1) - 0)?
7
Calculate 6 - -10 - 10 - (-19 - -17) - 26.
-18
What is the value of 4 + 1 - (24 - 9 - -7 - 13)?
-4
Evaluate 10 - (15 + -25 + 15).
5
What is the value of 21 + (-4 - 24) - (0 + 4) - 3?
-14
What is the value of 38 + -29 - (6 + -20)?
23
What is the value of (-12 - -1) + (-125 - -136) + -2 + 0?
-2
-3 + (0 - (7 + -6))
-4
What is -1 - (-22 + 13 + -9)?
17
Calculate -28 + 23 - (-2 + (3 - 13) + 3).
4
-3 - 1 - (15 - 15) - 10
-14
Evaluate -1 + -1 + 10 - (101 - 14 - 71).
-8
What is the value of -7 - (1 + 14 - (93 + -85))?
-14
Calculate -28 - (0 - ((-4 - -9) + -10) - 10).
-23
What is (1 - 5) + (29 + -8 - (-8 - -19))?
6
What is (-16 - -18) + (-7 - -2) + (-17 - -55)?
35
(8 - 15 - -6) + 7 + (-21 - -5)
-10
What is -28 + (-28 - -56) + -8 + 2 + 2?
-4
(2 - (-3 - -1)) + -97 + 84 + 8
-1
What is the value of 33 + -8 + (0 + -17 - -16)?
24
(2 - -8 - 9) + (-7 - (12 - 2))
-16
Evaluate (-1 - 4) + 2 + -3 + 1.
-5
What is -9 - ((-15 - 4) + 17)?
-7
What is (3 + (1 - 0) - 5) + 5 + -12?
-8
Evaluate 7 + 0 + (-28 + -5 - -20).
-6
What is the value of -1 + -7 + (63 - 37 - 14)?
4
What is 6 + -8 + -21 + 8?
-15
Calculate 4 + (2 - 5) + -2 + -180 + 194.
13
What is -13 + (-13 + 10 - -27 - 0)?
11
Calculate (-37 + 20 - -11) + 13.
7
Evaluate -1 + 6 + -40 + 35 + 9 + -2.
7
Evaluate 1 + (2 - 10) + 8 - 0.
1
What is the value of 5 - 17 - (29 + -48)?
7
What is -14 + (-10 - (-9 - 5 - -12))?
-22
Evaluate 7 - (-9 + (8 - -20)).
-12
What is the value of 28 + (-12 - 31) - (1 - 2)?
-14
What is the value of (25 - 24) + (2 - (-4 + -1)) + 1?
9
-2 + -8 + (-16 - -14) - (-2 + -1)
-9
What is the value of 30 - 6 - -1 - 20?
5
Calculate (1 + 0 + -13 - (17 - 26)) + -1.
-4
What is (-21 - -28) + -1 + 3 + -8?
1
What is -6 - (2 + (-19 - 0) + 7)?
4
Calculate 26 + 30 + -79 - (6 - 3 - 9).
-17
(3 - 10) + 14 + (17 - 7)
17
What is the value of (-18 - (-16 - -5)) + -9?
-16
What is the value of -1 - -7 - (-5 - 5 - (-1 - 13))?
2
Calculate (20 + -1 - (36 - 26)) + -18.
-9
17 + -1 - (-18 + (-7 - -9) - -17)
15
What is 32 + -4 - (13 + 33)?
-18
Calculate -81 + 73 + (1 - 4).
-11
What is the value of (8 - 1) + (-12 - (-6 - -2) - -1)?
0
15 - (25 - (48 + -23))
15
What is the value of 7 + 5 + -15 + -27 + 21?
-9
Calculate (-9 - -17) + -2 + 24 - (0 - 2).
32
-28 + 22 + 2 + -81 + 67
-18
What is the value of (-12 - (-15 - 17)) + -7?
13
What is (7 - -4) + -3 - (-33 - -74)?
-33
What is -6 + 9 - 20 - -16?
-1
What is the value of -21 + 13 + -10 + 13?
-5
What is 10 + -11 - (3 - 6 - 26)?
28
Evaluate 4 + 2 + -23 - -5 - (-38 - -36).
-10
What is the value of 3 + (8 + -25 + 21 - (2 - 3))?
8
Evaluate 1 - (-23 + 27) - 1.
-4
What is the value of (-3 - -38 - (2 + (-2 - 0))) + -9?
26
-15 + 17 - 11 - -27
18
What is the value of 12 + (-6 - 1) + -1 + -15?
-11
Evaluate (34 - 10 - 28) + -20.
-24
Evaluate -1 + (-23 - -20) + -2 + 9.
3
Evaluate 1 - (9 + (-7 - 10)).
9
What is 12 + -19 + 27 + -13?
7
What is 0 - (-8 - -2) - (86 + -180 + 107)?
-7
-2 - (3 + (-13 - -19) + 1 + -8)
-4
What is 4 + (1 - (-13 - -9 - (-12 + 8)))?
5
What is the value of (60 - -13) + -96 + (2 - (-2 - 1))?
-18
Calculate -10 - (9 - (0 + 40 - 3)).
18
Evaluate (9 - -2) + (-1 - ((-6 - -7) + 2)).
7
Evaluate -4 + 0 + (12 - 21).
-13
11 + -18 - (0 - -6) - (-1 + -1)
-11
Evaluate 0 + -1 + 11 + (-10 - (22 - 20)).
-2
Calculate 3 + 1 - (-1 + 4 + (48 - 48)).
1
What is 4 + -5 + -13 + 16?
2
Evaluate (-3 - (17 + -12)) + 13.
5
Evaluate 27 + -18 + -6 + 1 + (1 - -1).
6
Evaluate 26 + (13 - (33 - -35)).
-29
Evaluate -3 + -8 - -10 - 0.
-1
What is (-14 - (-11 - (8 + 5))) + -1?
9
15 + (120 + -114 - (1 + 10))
10
What is the value of 32 - -3 - (26 + -7)?
16
-16 + 1 + -291 + 324
18
Calculate -12 - (-11 - -38 - 73).
34
